 + 11 = p, 2*j + 19 = 4*j + 3*p. Let y(d) = -8*d + 4 - 7*d**j + 6*d + d**3 + 7*d. Determine y(6).
-2
Let f(v) be the second derivative of -v**4/12 - v**3/6 - 11*v**2/2 + 2*v. What is f(0)?
-11
Let u(w) be the first derivative of -w**3/3 + 4*w**2 - 8*w + 8. Calculate u(6).
4
Let n(u) be the first derivative of 0*u - 1/2*u**2 + 2. Suppose 3 = -5*i - 2. Calculate n(i).
1
Suppose -3*c + z + 2 = 0, 4*c + 3*z = 6*c + 8. Let d(o) = 5*o + c*o - 3*o + 1. Suppose 4*x = -12, -l + 5 = -5*x + 3*x. Calculate d(l).
-3
Suppose -3*r + 28 = -20. Suppose -6 = -2*u - r. Let z(g) = 8 - 3 + 6 + g. Calculate z(u).
6
Let a(x) = -5*x + 9. Let i(o) = -4*o + 9. Let m(h) = -5*a(h) + 6*i(h). Let l(t) = -t - 1. Let b(g) = 2*l(g) + m(g). Give b(3).
4
Suppose 0 = -3*a, -y + 2*a = 3*a - 5. Let v(b) = 3*b**2 + 3*b + 5. Let f(c) = -3 + 0*c - 3*c**2 + c**2 - 2*c. Let q(m) = y*f(m) + 3*v(m). What is q(-1)?
0
Let g(o) = -o**3 + o**2 + 8. Let h be 0/(6 + 0 + -4). Calculate g(h).
8
Let l(k) = 4*k**2 + 7*k - 5. Let t(o) = o**2 + o + 1. Let f(m) = -l(m) + 3*t(m). Determine f(-6).
-4
Let f(l) be the first derivative of l**2/2 - 2*l - 2. Let w(d) = -3 - 9 - d + 0 - 7*d**2 + 2 - d**3. Let j be w(-7). Give f(j).
-5
Suppose -31*i + 34*i = 12. Let s(w) = w**3 - 5*w**2 + 3*w - 3. Determine s(i).
-7
Suppose 0 = -2*u - 5*c - 9, -4*u - 2*c + 4*c + 18 = 0. Let x(n) be the first derivative of -5 + u + 4*n - 1 + 1 - n**2. Calculate x(4).
-4
Let f be (0/(-2))/(-1 - 0). Suppose 4*q = 5*d - 17, 10 + 5 = -5*q + 5*d. Let n(r) = r**q + 0*r + 2 + r + 4 - 2*r**3 + 3*r**3. Determine n(f).
6
Let a(r) = -r + 0*r - r - 1. Let y be 1*(-3 - 0) + (-18 - -20). Calculate a(y).
1
Let a(k) = 0*k + 5*k - 5 + 12 - 3*k. Let v be a(-6). Let y(j) = -j**2 - 7*j - 6. What is y(v)?
4
Let v(h) = 4*h + 3. Let j be 16*(10/4 - 2). Let w = j - 6. Let m = w - 4. Give v(m).
-5
Let u(w) = 3*w**2 + 1. Let q = -6 + 10. Let k be (3/(-6))/(2/q). Let v be -1*(k + (3 - 1)). What is u(v)?
4
Suppose 5*i - s = 43, 3*i + s - 11 = 10. Suppose -w = w - i. Let q(k) be the first derivative of k**4/4 - 5*k**3/3 + k**2 + 5*k - 1. Calculate q(w).
-3
Suppose 0 = -170*a + 158*a + 48. Let c(x) = x - 4. Let i(v) = v - 4. Let z(k) = -3*c(k) + 2*i(k). Calculate z(a).
0
Let i(u) = -u**2 + 4*u + 8. Suppose 0 = -5*o - 16 + 46. Give i(o).
-4
Let a be (-4)/(4 + 0) - -1. Let w(f) be the third derivative of -1/120*f**6 - 1/10*f**5 + 2*f**2 + 1/24*f**4 + 0*f + a + 4/3*f**3. Give w(-6).
2
Let a(y) = y**2 - 11*y + 21. Let d be a(8). Let p(q) = q**3 + 3*q**2 - q - 2. Give p(d).
1
Let x(a) = a**2 + 3. Suppose -z + s = -2, 0 + 2 = -z - s. Let m be x(z). Let b(d) = 0*d**3 + d**m - 7*d**2 - 8 + 3*d - 4*d + 8*d. Determine b(6).
-2
Suppose 0 = h + 1 - 3. Let p(b) = h + 2*b - 1 + b. What is p(2)?
7
Let v = 155 + -149. Let m(k) = -k**2 + 8*k - 9. Determine m(v).
3
Let o(i) = -i**2 - 2*i. Let a be 2/6 - (-28)/6. Suppose n + 2*v = 4*v + 6, a*v + 4 = -3*n. Suppose -4 = n*m - s, 0*s - 4 = 2*m + s. What is o(m)?
0
Let d(h) = -2*h**3 + h**2 - 1. Suppose 8 + 4 = -2*v. Let m = v + 5. Determine d(m).
2
Let p(m) = -m**2 + 2. Let z be p(0). Let s(t) be the third derivative of t**6/120 - t**4/12 - t**3/6 - t**2. Determine s(z).
3
Let d = -5 + 9. Let f(o) = 1 + d*o - 2*o + 0 + 0*o - 2*o**2. Give f(2).
-3
Let z(l) = -25*l**2 + 20*l**2 + 1 + 7*l - 6*l. Let u(v) = v - 1. Let q be u(0). Determine z(q).
-5
Let r(u) = u + 8. Suppose 0 = 3*y - 3, 2*n + 7 - 1 = 4*y. Let p(x) = 1. Let i(t) = n*r(t) + 6*p(t). Determine i(-2).
0
Let j be -1*(-3)/(-2)*3/(-9). Let t(z) be the first derivative of 10*z + j*z**2 - 4. Calculate t(0).
10
Suppose 3*t - 12 = t. Let b be 9/t*(-10)/(-3). Let c(r) = 7*r**2 - 13*r - 13. Let o(w) = -4*w**2 + 7*w + 7. Let p(g) = -3*c(g) - 5*o(g). Give p(b).
-1
Let f(y) be the third derivative of y**4/8 + y**3/6 - 42*y**2. What is f(-2)?
-5
Let b(r) = -2*r + 3*r - 1 + 0. Let a(f) = 3*f**3 - f**2 + 1. Let c be a(1). Let i(m) = -4*m + 4. Let z(v) = c*b(v) + i(v). Determine z(-1).
2
Suppose -2*w + 7*w = 25. Let x = 8 - w. Let u(t) = 5*t**3 + t**3 - 3 + 4*t - 5*t**3 - 4*t**2. Calculate u(x).
0
Let r(f) = 1 - 2*f + 3*f - 2*f. Let g be (-4 + -2)*1/(-2). Suppose -g*q + 3*y = 12, -y = q + 4*y - 2. Calculate r(q).
4
Let y(j) = j - 3. Let a(n) = 2*n - 9. Let o(f) = -2*a(f) + 7*y(f). Give o(-4).
-15
Let x(w) = -w + 5. Let t(k) = -k + 1. Let v(z) = 2*t(z) + x(z). Give v(6).
-11
Let g(a) = a + 4. Let o = -35 - -51. Suppose 2*k - 2 = b - 4*b, 3*b - o = 5*k. Calculate g(k).
2
Let h(u) be the second derivative of u**3/2 + 3*u**2/2 - 9*u. Give h(-5).
-12
Let t(w) = w**2 - w. Let g(a) = -a + 12. Let f be g(9). Give t(f).
6
Let i(n) = -n**3 + 4*n**2 + 6*n. Suppose 15 + 1 = 2*s - 3*v, 0 = -4*v - 8. Determine i(s).
5
Suppose -2*v - 10 = -7*v. Let j be 22/(-6) - v/(-3). Let r(w) be the second derivative of w**5/20 + 5*w**4/12 + 2*w**3/3 - 2*w. Give r(j).
6
Let x(z) = 5*z**2 - 5*z**2 + 5*z**2 + z**3 - 4. Let h = -6 - -1. What is x(h)?
-4
Let l be 2/14 - (-3)/(-21). Suppose -s + 4*v + v + 12 = l, 4*s - 16 = 4*v. Let c(u) = -3*u + 2. Give c(s).
-4
Let c(t) = -t - 1. Let q(r) = 2*r - 11. Let i(d) = -c(d) - q(d). Calculate i(0).
12
Let c(h) = -10*h + 1. Let y(d) = -d**3 - 12*d**2 + 15*d + 27. Let a be y(-13). Calculate c(a).
-9
Let z(t) = 16*t**3 - 2*t**2 - 2*t - 1. Let f = -2 - -1. Determine z(f).
-17
Let u = 1 + 2. Let w(n) = -1 - 13*n**3 - 3*n**2 + 11 + 2*n + 6*n**3 - n. Let l(a) = 6*a**3 + 2*a**2 - a - 9. Let v(t) = 6*l(t) + 5*w(t). Determine v(u).
-7
Let d(v) be the second derivative of v**5/20 - 7*v**4/12 + 7*v**3/6 - 2*v**2 - v - 3. Give d(6).
2
Let w be 2/6 + 212/(-6). Let t be 10/w - (-5)/(-7). Let n be t/(-2)*(-6)/3. Let g(k) = -3*k**3 + 1. Calculate g(n).
4
Let d(m) = -1 + 5*m - 1 + 6*m. Let f(l) = 6*l - 1. Let r(u) = -3*d(u) + 5*f(u). Determine r(-2).
7
Let i(l) = 9*l**3 + 5*l**2 + 2*l - 5. Suppose -3*m - 2*m - 32 = 3*h, 3*m = 4*h - 25. Let p(t) = 4*t**3 + 2*t**2 + t - 2. Let s(g) = m*p(g) + 3*i(g). Give s(2).
-7
Let s be 76/12 - (-1)/(-3). Let n(j) = -2 - 3*j**2 + 10*j**2 - s*j**2. What is n(-3)?
7
Let o be 0 - (0 - 12)/(-2). Let y(s) = s**2 + 5*s - 6. Let l be y(o). Let g(b) be the third derivative of -b**5/60 - 2*b**3/3 - 3*b**2. Calculate g(l).
-4
Let h(z) be the second derivative of z**3/3 - 4*z**2 - 53*z. What is h(9)?
10
Suppose 3*j + 13 = -4*k, -2*k - k = 5*j + 18. Let y be (-9)/(-6) - k/2. Let w(q) = 3*q - 2. Give w(y).
4
Let i(d) be the first derivative of -5 + 2*d - 3*d**2 + 2*d**2 + 1 + 1. Calculate i(-2).
6
Let a(y) = -y**3 - 5*y**2 - 6*y - 6. Suppose 7*g - 3*g + 28 = -5*i, 2*i + 3*g + 14 = 0. Let h = 8 + i. Suppose -h*t + 2 - 18 = 0, -o = 5*t + 24. Determine a(o).
2
Let o be 78/(-4)*(-44)/33. Let j = o + -29. Let q(h) = 2*h. Give q(j).
-6
Let y(m) = -4*m + 2*m - 8*m + 3*m. Give y(1).
-7
Let y(r) = -3*r. Let l = -8 + 5. Let g be (-12)/l*(-2)/(-4). Determine y(g).
-6
Suppose -2 = -r - 1. Let t(w) = 6*w - 1. Let k(d) = -d + 6. Let u(p) = p - 1. Let x(b) = 3*k(b) + 21*u(b). Let l(q) = 11*t(q) - 4*x(q). Determine l(r).
-5
Let q = 16 - 10. Let l = q - 10. Let x(u) = -u + 1. What is x(l)?
5
Let o(i) = -10*i + 188 - 188. Let b be (4/(-6))/((-4)/(-6)). Calculate o(b).
10
Let r(g) = 18*g**3 - g + 4*g - 2*g**2 - 2 - 19*g**3. Let z be 1*-45 - 1/(-1). Let s be 4/22 - (-140)/z. Give r(s).
-2
Let b = 4 - 0. Let y(u) = -u**2 + b - 4 - 3*u + 3. What is y(-3)?
3
Let r(b) = -b**3 - b**2 + b - 2. Suppose 2*h - 8 = 4*h, -2*g + 3*h + 18 = 0. Suppose 3*y = -g - 3. Determine r(y).
0
Let f(y) = 2*y - 2. Let d be (8*-3)/(-4) - 1. Give f(d).
8
Let x = -13 - -10. Let d(i) = -4*i. Let f(n) = -n. Let w(t) = d(t) - 5*f(t). Give w(x).
-3
Let x(p) = -2*p**3 + 4*p**2 + 3*p + 8. Let l(m) = -m**3 + 3*m**2 + 2*m + 7. Let c(i) = 6*l(i) - 5*x(i). Determine c(2).
20
Suppose -2*v = 3*v. Let t be 8 + 1 + -1 + v. Suppose -2*d - 23 = -3*w - 7*d, 4*w + d = t. Let y(r) = 3*r**3 + r**2 - 1. Calculate y(w).
3
Let n(f) = 19*f + 27. Let l(j) = -9*j - 13. Let m(t) = -13*l(t) - 6*n(t). Let s be 141/(-27) - (-4)/18. Calculate m(s).
-8
Let m(y) = 5*y - 3. Suppose 3*o + n + 2 = 4*o, 3*o - 2*n - 6 = 0. Determine m(o).
7
Let k(f) = f**3 + 5*f**2 + f + 5. Let y = -1 + 6. Let u be 2/y + 81/(-15). Calculate k(u).
0
Let m(u) = -u**3 + u**2 - 1. Let d(s) = -2*s**3 - 5*s**2 + s + 3. Let c(l) = -d(l) - 4*m(l). Give c(1).
7
Let n(m) = m**